n factor of 34 and 119?
17
What is the highest common divisor of 24 and 64?
8
What is the highest common divisor of 95 and 152?
19
Calculate the greatest common divisor of 1248 and 120.
24
What is the highest common factor of 3572 and 152?
76
What is the highest common divisor of 736 and 288?
32
Calculate the greatest common divisor of 26 and 162.
2
Calculate the highest common divisor of 40 and 540.
20
Calculate the greatest common divisor of 293 and 7.
1
What is the greatest common divisor of 21 and 84?
21
Calculate the highest common divisor of 2125 and 17.
17
Calculate the greatest common divisor of 19412 and 69.
23
What is the highest common divisor of 46 and 598?
46
What is the highest common divisor of 33 and 12881?
11
What is the highest common factor of 992 and 16616?
248
What is the highest common factor of 134 and 262?
2
What is the greatest common divisor of 69 and 24?
3
Calculate the highest common factor of 67727 and 11.
11
Calculate the greatest common divisor of 112 and 7.
7
Calculate the greatest common divisor of 198 and 342.
18
What is the greatest common divisor of 13261 and 1341?
149
Calculate the highest common divisor of 3627 and 663.
39
What is the highest common factor of 11457 and 27?
9
What is the highest common divisor of 408 and 88?
8
Calculate the greatest common divisor of 91 and 689.
13
Calculate the greatest common divisor of 369 and 2.
1
Calculate the highest common factor of 98 and 2.
2
What is the greatest common divisor of 234 and 36?
18
Calculate the greatest common divisor of 8 and 664.
8
What is the greatest common divisor of 55 and 405?
5
Calculate the highest common divisor of 29 and 493.
29
What is the highest common factor of 22 and 29293?
11
Calculate the highest common factor of 5 and 7.
1
Calculate the greatest common divisor of 5111 and 538.
269
What is the greatest common factor of 30 and 2315?
5
What is the greatest common factor of 16 and 72?
8
Calculate the greatest common divisor of 43 and 4.
1
Calculate the highest common divisor of 294 and 71148.
294
What is the greatest common factor of 21375 and 15?
15
What is the greatest common factor of 945 and 747?
9
Calculate the greatest common divisor of 4 and 3844.
4
What is the greatest common factor of 6 and 60?
6
What is the greatest common factor of 153 and 221?
17
Calculate the greatest common factor of 5 and 24.
1
What is the highest common divisor of 68 and 204?
68
What is the highest common factor of 94 and 329?
47
What is the greatest common factor of 24 and 6416?
8
Calculate the highest common factor of 18 and 342.
18
Calculate the highest common factor of 14015 and 5.
5
Calculate the highest common factor of 143 and 32461.
143
Calculate the highest common factor of 621 and 405.
27
Calculate the greatest common factor of 17600 and 100.
100
What is the highest common factor of 3 and 3873?
3
What is the highest common divisor of 96 and 10816?
32
Calculate the greatest common factor of 10580 and 805.
115
Calculate the greatest common factor of 24163 and 292.
73
Calculate the highest common factor of 512 and 288.
32
Calculate the highest common factor of 13 and 923.
13
What is the highest common factor of 104 and 130?
26
What is the greatest common divisor of 77 and 1?
1
What is the greatest common factor of 570 and 270?
30
Calculate the highest common factor of 77 and 14.
7
What is the greatest common factor of 6745 and 95?
95
What is the highest common divisor of 18717 and 51?
51
What is the greatest common divisor of 76790 and 14?
14
What is the highest common factor of 33389 and 386?
193
What is the greatest common factor of 153 and 153?
153
Calculate the highest common factor of 532 and 1748.
76
What is the highest common factor of 46 and 10304?
46
What is the highest common divisor of 1199 and 1090?
109
Calculate the highest common divisor of 216 and 2424.
24
What is the greatest common factor of 462 and 253?
11
What is the highest common factor of 50 and 73550?
50
Calculate the highest common factor of 23 and 253.
23
Calculate the greatest common divisor of 427 and 793.
61
Calculate the greatest common divisor of 342 and 2166.
114
What is the highest common factor of 9 and 3897?
9
What is the highest common divisor of 135 and 297?
27
Calculate the greatest common factor of 8 and 964.
4
Calculate the highest common divisor of 84 and 378.
42
Calculate the greatest common factor of 296 and 4292.
148
What is the highest common divisor of 343 and 112?
7
Calculate the greatest common factor of 6 and 8.
2
Calculate the highest common factor of 6574 and 2422.
346
Calculate the greatest common factor of 5 and 80.
5
What is the greatest common divisor of 125 and 275?
25
What is the highest common divisor of 126 and 1062?
18
Calculate the greatest common factor of 481 and 37.
37
What is the greatest common factor of 60 and 90?
30
Calculate the highest common divisor of 84 and 1212.
12
What is the highest common factor of 612 and 252?
36
Calculate the highest common factor of 640 and 530.
10
What is the greatest common factor of 2793 and 5187?
399
Calculate the highest common divisor of 423 and 57.
3
Calculate the greatest common divisor of 287 and 133.
7
What is the highest common factor of 450 and 60?
30
Calculate the highest common factor of 9347 and 26.
13
What is the highest common divisor of 1862 and 14?
14
Calculate the greatest common factor of 139 and 35723.
139
Calculate the highest common factor of 1176 and 24.
24
What is the greatest common factor of 8 and 532?
4
What is the greatest common factor of 7973 and 67?
67
What is the greatest common divisor of 11 and 9053?
11
What is the highest common divisor of 168 and 147?
21
Calculate the highest common divisor of 171 and 152.
19
What is the highest common divisor of 3 and 99?
3
Calculate the greatest common divisor of 32 and 5288.
8
What is the greatest common factor of 19 and 12350?
19
Calculate the highest common divisor of 105 and 30.
15
What is the highest common divisor of 1794 and 3744?
78
What is the greatest common factor of 238 and 102?
34
Calculate the greatest common divisor of 6 and 3244.
2
What is the highest common factor of 33 and 564?
3
What is the highest common divisor of 15 and 24?
3
Calculate the greatest common factor of 14 and 1232.
14
Calculate the highest common factor of 2905 and 280.
35
What is the highest common factor of 1748 and 184?
92
What is the highest common divisor of 49 and 1813?
49
What is the greatest common factor of 288 and 9?
9
Calculate the highest common factor of 143 and 22.
11
Calculate the highest common divisor of 140 and 175.
35
What is the greatest common factor of 34 and 8?
2
Calculate the greatest common factor of 483 and 105.
21
Calculate the greatest common divisor of 5751 and 355.
71
Calculate the highest common factor of 252 and 2898.
126
Calculate the highest common factor of 756 and 84.
84
Calculate the greatest common factor of 2457 and 26.
13
What is the greatest common divisor of 425 and 3332?
17
Calculate the highest common factor of 213 and 100110.
213
What is the highest common divisor of 12 and 30?
6
What is the highest common factor of 22 and 275?
11
What is the highest common factor of 490 and 1750?
70
Calculate the greatest common divisor of 63 and 9933.
21
Calculate the highest common factor of 46 and 322.
46
What is the greatest common factor of 180 and 108?
36
Calculate the highest common divisor of 2 and 157.
1
Calculate the greatest common factor of 912 and 120.
24
Calculate the highest common divisor of 1036 and 56.
28
What is the greatest common divisor of 968 and 8?
8
Calculate the greatest common factor of 148 and 2812.
148
What is the greatest common factor of 8633 and 89?
89
Calculate the greatest common factor of 20 and 2250.
10
What is the greatest common factor of 1007 and 57?
19
What is the highest common factor of 63 and 153?
9
Calculate the greatest common divisor of 418 and 304.
38
What is the greatest common divisor of 328 and 22796?
164
Calculate the highest common factor of 24 and 3684.
12
Calculate the highest common divisor of 40782 and 42.
42
What is the highest common divisor of 80 and 290?
10
Calculate the greatest common divisor of 17 and 153.
17
What is the highest common divisor of 30 